me factors of 2129997.
3, 67, 10597
What are the prime factors of 288423?
3, 73, 439
What are the prime factors of 3602525?
5, 29, 4969
List the prime factors of 38980.
2, 5, 1949
List the prime factors of 140803.
13, 10831
What are the prime factors of 2729078?
2, 11, 17, 7297
List the prime factors of 9330909.
3, 7, 17, 59, 443
List the prime factors of 540006.
2, 3, 90001
List the prime factors of 7110156.
2, 3, 131, 4523
What are the prime factors of 1484381?
59, 139, 181
List the prime factors of 1374108.
2, 3, 43, 2663
What are the prime factors of 17058578?
2, 1559, 5471
List the prime factors of 265050.
2, 3, 5, 19, 31
What are the prime factors of 46815?
3, 5, 3121
What are the prime factors of 133564?
2, 33391
List the prime factors of 2580559.
43, 60013
What are the prime factors of 128654?
2, 64327
List the prime factors of 198384.
2, 3, 4133
List the prime factors of 17814105.
3, 5, 79, 5011
List the prime factors of 16816700.
2, 5, 211, 797
List the prime factors of 897979.
53, 16943
What are the prime factors of 6820333?
13, 40357
What are the prime factors of 894626?
2, 61, 7333
What are the prime factors of 1483804?
2, 7, 197, 269
What are the prime factors of 73345?
5, 14669
List the prime factors of 1739771.
11, 158161
List the prime factors of 2044964.
2, 17, 29, 61
What are the prime factors of 198054?
2, 3, 11003
List the prime factors of 68578.
2, 17, 2017
What are the prime factors of 1707650?
2, 5, 7, 17, 41
What are the prime factors of 750535?
5, 150107
What are the prime factors of 439870?
2, 5, 43987
What are the prime factors of 4738?
2, 23, 103
What are the prime factors of 12060699?
3, 7, 71, 8089
List the prime factors of 132789.
3, 44263
List the prime factors of 20796.
2, 3, 1733
List the prime factors of 140329.
7, 20047
List the prime factors of 172720.
2, 5, 17, 127
What are the prime factors of 1537215?
3, 5, 102481
What are the prime factors of 10420200?
2, 3, 5, 7, 827
What are the prime factors of 242345?
5, 19, 2551
List the prime factors of 530373.
3, 176791
List the prime factors of 29533670.
2, 5, 211, 13997
What are the prime factors of 14052730?
2, 5, 83, 16931
List the prime factors of 95611.
23, 4157
List the prime factors of 1948.
2, 487
What are the prime factors of 319051?
37, 8623
List the prime factors of 2913806.
2, 7, 208129
What are the prime factors of 4425535?
5, 885107
List the prime factors of 339684.
2, 3, 28307
What are the prime factors of 308067?
3, 29, 3541
What are the prime factors of 19651745?
5, 17, 231197
List the prime factors of 1890386.
2, 19, 49747
What are the prime factors of 1375522?
2, 647, 1063
What are the prime factors of 4289628?
2, 3, 7, 223, 229
What are the prime factors of 65358?
2, 3, 3631
List the prime factors of 2087954.
2, 11, 94907
List the prime factors of 7986146.
2, 7, 47, 53, 229
List the prime factors of 8098958.
2, 7, 578497
What are the prime factors of 12942308?
2, 3235577
List the prime factors of 323174.
2, 349, 463
What are the prime factors of 6207499?
17, 365147
List the prime factors of 12123342.
2, 3, 7, 11, 8747
List the prime factors of 533878.
2, 173, 1543
List the prime factors of 714336.
2, 3, 7, 1063
List the prime factors of 2416019.
29, 83311
What are the prime factors of 24575?
5, 983
What are the prime factors of 253367?
253367
What are the prime factors of 3847382?
2, 7, 11, 43, 83
What are the prime factors of 16663990?
2, 5, 7, 101, 2357
List the prime factors of 814226.
2, 7, 19, 3061
What are the prime factors of 6933460?
2, 5, 31, 53, 211
What are the prime factors of 1687850?
2, 5, 33757
What are the prime factors of 67713?
3, 22571
What are the prime factors of 346930?
2, 5, 34693
List the prime factors of 218611.
218611
List the prime factors of 12365385.
3, 5, 479, 1721
What are the prime factors of 3092524?
2, 619, 1249
What are the prime factors of 2415175?
5, 7, 37, 373
What are the prime factors of 158312?
2, 7, 11, 257
What are the prime factors of 999844?
2, 181, 1381
What are the prime factors of 608267?
11, 457
List the prime factors of 2484862.
2, 1061, 1171
List the prime factors of 9853513.
61, 163, 991
What are the prime factors of 19681600?
2, 5, 12301
What are the prime factors of 1765229?
17, 103837
List the prime factors of 19849362.
2, 3, 13, 31, 8209
List the prime factors of 132667.
132667
What are the prime factors of 3425997?
3, 1141999
List the prime factors of 3404099.
3404099
List the prime factors of 67854.
2, 3, 43, 263
List the prime factors of 10822.
2, 7, 773
What are the prime factors of 7241?
13, 557
List the prime factors of 217686.
2, 3, 7, 71, 73
What are the prime factors of 10599194?
2, 17, 257, 1213
What are the prime factors of 1161361?
89, 13049
What are the prime factors of 3239762?
2, 103, 15727
List the prime factors of 1099477.
29, 31, 1223
List the prime factors of 2820664.
2, 7, 11, 19, 241
What are the prime factors of 21245826?
2, 3, 7, 193, 2621
What are the prime factors of 7047042?
2, 3, 1174507
What are the prime factors of 18170424?
2, 3, 43, 5869
List the prime factors of 512529.
3, 170843
List the prime factors of 6201118.
2, 7, 11, 67, 601
List the prime factors of 1357913.
53, 25621
List the prime factors of 428427.
3, 181, 263
What are the prime factors of 954471?
3, 7, 43, 151
List the prime factors of 203108.
2, 50777
List the prime factors of 1603832.
2, 433, 463
What are the prime factors of 208928?
2, 6529
What are the prime factors of 12708911?
17, 747583
What are the prime factors of 9846529?
7, 11, 127877
List the prime factors of 85386.
2, 3, 7, 19, 107
List the prime factors of 1239052.
2, 307, 1009
What are the prime factors of 1467187?
1467187
What are the prime factors of 1821057?
3, 7, 17, 5101
What are the prime factors of 391699?
7, 11, 5087
What are the prime factors of 304132?
2, 139, 547
What are the prime factors of 642730?
2, 5, 11, 5843
What are the prime factors of 281778?
2, 3, 7, 6709
List the prime factors of 5501789.
37, 241, 617
What are the prime factors of 35741175?
3, 5, 229, 2081
What are the prime factors of 229071?
3, 29, 2633
What are the prime factors of 808724?
2, 7, 17, 1699
List the prime factors of 5565921.
3, 1855307
What are the prime factors of 26300619?
3, 108233
List the prime factors of 4514670.
2, 3, 5, 23, 727
List the prime factors of 4328972.
2, 1082243
List the prime factors of 345422.
2, 7, 11, 2243
List the prime factors of 763788.
2, 3, 63649
What are the prime factors of 68807?
83, 829
What are the prime factors of 52069?
52069
What are the prime factors of 229690?
2, 5, 103, 223
List the prime factors of 38508518.
2, 67, 193, 1489
What are the prime factors of 4175907?
3, 1391969
List the prime factors of 8096816.
2, 7, 13, 67, 83
List the prime factors of 823650.
2, 3, 5, 17, 19
List the prime factors of 1611852.
2, 3, 11, 12211
What are the prime factors of 7190373?
3, 67, 83, 431
What are the prime factors of 334063?
173, 1931
What are the prime factors of 379532?
2, 239, 397
List the prime factors of 594622.
2, 7, 42473
List the prime factors of 735725.
5, 29429
What are the prime factors of 2055103?
2055103
List the prime factors of 607623.
3, 67, 3023
What are the prime factors of 73555?
5, 47, 313
List the prime factors of 298302.
2, 3, 83, 599
List the prime factors of 4179308.
2, 7, 21323
What are the prime factors of 3456480?
2, 3, 5, 19, 379
What are the prime factors of 19711354?
2, 13, 431, 1759
List the prime factors of 3488646.
2, 3, 7, 83063
What are the prime factors of 2858646?
2, 3, 7, 29, 2347
List the prime factors of 25239.
3, 47, 179
List the prime factors of 621531.
3, 53, 1303
List the prime factors of 298976.
2, 9343
List the prime factors of 73887.
3, 11, 2239
List the prime factors of 23800592.
2, 449, 3313
List the prime factors of 358832.
2, 41, 547
What are the prime factors of 826084?
2, 7, 163, 181
List the prime factors of 448015.
5, 89603
What are the prime factors of 286209?
3, 7, 11, 59
List the prime factors of 2689411.
2689411
List the prime factors of 224853.
3, 241, 311
What are the prime factors of 1163092?
2, 7, 41539
What are the prime factors of 899298?
2, 3, 47, 1063
List the prime factors of 427912.
2, 89, 601
List the prime factors of 300935.
5, 139, 433